ighest common divisor of 420518546 and 5034.
1678
Calculate the highest common divisor of 2790 and 2776608.
558
Calculate the highest common divisor of 194196642 and 6.
6
Calculate the greatest common divisor of 121304 and 366744.
472
Calculate the greatest common divisor of 3926 and 350896.
26
What is the highest common factor of 155093 and 3452070?
5003
What is the greatest common factor of 6600 and 25910412?
132
Calculate the highest common divisor of 117802486 and 34.
34
Calculate the greatest common divisor of 717008 and 46494.
82
What is the highest common factor of 18762 and 245853?
177
What is the highest common factor of 14273068 and 379228?
3356
What is the greatest common divisor of 76129356 and 794466?
13938
What is the greatest common factor of 89320 and 3543452?
1276
Calculate the greatest common factor of 70408371 and 33.
33
Calculate the greatest common divisor of 6300 and 3239550.
450
What is the highest common divisor of 490592290 and 102?
34
Calculate the highest common divisor of 63286 and 326.
2
Calculate the highest common divisor of 12734332 and 1976.
988
Calculate the greatest common divisor of 207839889 and 5004.
1251
Calculate the greatest common divisor of 900 and 3970725.
75
What is the greatest common divisor of 299980 and 7844?
212
Calculate the highest common factor of 104 and 18654649.
13
What is the highest common factor of 2303 and 2276834?
49
What is the highest common divisor of 3069676 and 42?
2
Calculate the highest common factor of 912 and 1019087040.
912
Calculate the greatest common factor of 4125 and 1125762.
33
Calculate the greatest common factor of 22 and 814493141.
11
What is the highest common factor of 1172291600 and 9200?
9200
What is the highest common divisor of 48662 and 580870?
58
What is the highest common divisor of 279 and 538563?
93
What is the greatest common factor of 233140516 and 476?
476
Calculate the highest common factor of 502 and 271429894.
502
Calculate the greatest common factor of 19 and 8793523.
19
Calculate the highest common factor of 4761 and 146406.
3
Calculate the highest common divisor of 10735 and 4085.
95
What is the highest common factor of 18050 and 482650?
50
Calculate the highest common factor of 181148480 and 320.
320
What is the highest common divisor of 120 and 331878?
6
Calculate the highest common factor of 1 and 149862498.
1
What is the greatest common divisor of 5138959 and 253?
23
Calculate the greatest common factor of 513 and 8505711.
171
Calculate the greatest common factor of 5071 and 107723.
11
What is the highest common divisor of 1837870 and 5985?
95
What is the highest common divisor of 842908 and 44?
44
Calculate the greatest common factor of 8575 and 2940525.
175
Calculate the greatest common factor of 2737152 and 2730024.
7128
What is the highest common factor of 334872 and 90?
18
Calculate the highest common factor of 3926 and 70538.
26
Calculate the greatest common divisor of 19605108 and 16980.
3396
What is the highest common factor of 884195 and 130?
65
What is the highest common divisor of 2004 and 4734144?
12
Calculate the highest common factor of 238 and 632023.
7
Calculate the greatest common factor of 350209 and 12127.
67
Calculate the highest common divisor of 45387 and 3568763.
1681
What is the highest common factor of 237 and 1290544?
79
Calculate the greatest common divisor of 841949117 and 47.
47
What is the highest common factor of 623 and 1050378?
623
What is the highest common divisor of 414592 and 1741024?
1312
What is the greatest common divisor of 7372265 and 7595?
155
What is the highest common divisor of 45516770 and 460?
230
What is the highest common divisor of 11941427 and 3122?
223
What is the highest common factor of 348 and 23468964?
12
What is the greatest common divisor of 2 and 5619538?
2
What is the greatest common divisor of 1128 and 2324385?
141
Calculate the greatest common factor of 71806 and 118788978.
3122
What is the highest common divisor of 4563 and 5433987?
39
Calculate the greatest common divisor of 100 and 36504625.
25
Calculate the greatest common divisor of 24702795 and 351.
117
What is the greatest common factor of 30 and 18973455?
15
What is the greatest common divisor of 28 and 2272109?
7
Calculate the highest common divisor of 20775151 and 38.
19
What is the highest common divisor of 3386427948 and 7977?
7977
What is the greatest common factor of 6794527 and 178?
89
What is the greatest common factor of 10551318 and 18?
6
What is the greatest common divisor of 233944 and 9256?
8
What is the greatest common factor of 88 and 21632?
8
What is the highest common factor of 235128233 and 2509?
193
Calculate the greatest common factor of 160162788 and 4773.
4773
Calculate the highest common divisor of 206448 and 1002639.
759
What is the greatest common divisor of 18 and 267273?
9
What is the highest common divisor of 1389 and 29283361?
463
Calculate the highest common divisor of 1450732 and 1746.
194
Calculate the greatest common divisor of 338 and 73910291.
169
What is the highest common divisor of 20875932 and 16830?
3366
Calculate the greatest common factor of 4922 and 8172981.
2461
Calculate the greatest common factor of 213867 and 1647.
27
What is the highest common factor of 183172 and 3693800?
1012
What is the greatest common factor of 1554553 and 533?
13
What is the greatest common divisor of 1466610 and 1235?
95
Calculate the greatest common factor of 20991926 and 11426.
394
Calculate the highest common divisor of 839936 and 4915324.
772
Calculate the highest common divisor of 38 and 35791668.
38
What is the highest common factor of 32912775 and 945?
315
Calculate the highest common factor of 133 and 59679361.
133
What is the highest common factor of 309620 and 17810?
1370
What is the highest common factor of 2032 and 17657632?
16
What is the highest common factor of 44625 and 447457?
17
Calculate the highest common factor of 3365847 and 10557.
459
What is the greatest common factor of 670 and 5091062?
134
Calculate the greatest common divisor of 244 and 126005443.
61
What is the highest common factor of 176171 and 1003?
17
Calculate the greatest common divisor of 6541 and 7470455.
211
What is the greatest common divisor of 37969 and 905075?
883
What is the greatest common factor of 338 and 11760294?
26
Calculate the highest common divisor of 228 and 25095352.
76
What is the highest common divisor of 578656 and 543988?
428
What is the highest common factor of 1374802 and 45201?
247
What is the greatest common factor of 205 and 1054438?
41
What is the highest common divisor of 25 and 1223840?
5
What is the highest common divisor of 2869 and 3400822?
151
What is the greatest common divisor of 16 and 3096510736?
16
What is the highest common factor of 172 and 1164269376?
172
Calculate the greatest common divisor of 671 and 6875676.
61
What is the greatest common divisor of 58242843 and 332?
83
Calculate the highest common factor of 63632910 and 10216.
2554
Calculate the highest common factor of 6914774 and 311.
311
What is the highest common factor of 3779981 and 411240?
3427
Calculate the highest common factor of 1257498 and 25056.
1566
Calculate the highest common factor of 4648014 and 1998.
666
Calculate the highest common factor of 795564 and 136.
4
What is the greatest common divisor of 297404 and 510976?
1996
Calculate the greatest common factor of 216117 and 59849757.
3663
What is the greatest common divisor of 624 and 52558896?
624
What is the highest common factor of 867680 and 9724?
748
Calculate the greatest common factor of 30997143 and 609.
87
What is the highest common factor of 8420 and 73072128?
1684
What is the highest common divisor of 17 and 368805361?
17
Calculate the highest common divisor of 6527900 and 51773.
2251
What is the greatest common factor of 17567775 and 225?
225
Calculate the highest common divisor of 13 and 152777209.
13
Calculate the greatest common factor of 102238 and 2499034.
1054
What is the greatest common divisor of 589333 and 17531?
47
What is the greatest common divisor of 1387 and 1395398?
19
Calculate the greatest common factor of 44 and 19591924.
44
What is the greatest common divisor of 76168686 and 230?
46
What is the greatest common factor of